Blahová 29.07.2021
 Last update: 14:12
Updated every 10 minutes
 Cold 
 Akt.temp: 29.7 °C
 Max.temp: 29.9 °C
 Min.temp: 17.7 °C
 Devpoint: 16.9 °C
 Wind speed: 1.5 m/s
 Wind direction: N
 Max wind gust: 7.5 m/s
 Precipitation: 3.5 mm
 Pressure: 1015.6  hPa
 P.tendency: -0.9  hPa/3h
 Humidity: 46 %
 Abs.humidity: 13.72 g/m3
Ground temperature
Min.temp /
Akt.temp

2021: Jan | Feb | Mar | Apr | May | Jun | Jul | Aug | Sep | Oct | Nov | Dec 
2020: Jan | Feb | Mar | Apr | May | Jun | Jul | Aug | Sep | Oct | Nov | Dec 
2019: Jan | Feb | Mar | Apr | May | Jun | Jul | Aug | Sep | Oct | Nov | Dec 
2018: Jan | Feb | Mar | Apr | May | Jun | Jul | Aug | Sep | Oct | Nov | Dec 
2017: Jan | Feb | Mar | Apr | May | Jun | Jul | Aug | Sep | Oct | Nov | Dec 
2016: Jan | Feb | Mar | Apr | May | Jun | Jul | Aug | Sep | Oct | Nov | Dec 
2015: Jan | Feb | Mar | Apr | May | Jun | Jul | Aug | Sep | Oct | Nov | Dec 
2014: Jan | Feb | Mar | Apr | May | Jun | Jul | Aug | Sep | Oct | Nov | Dec 
2013: Jan | Feb | Mar | Apr | May | Jun | Jul | Aug | Sep | Oct | Nov | Dec 
2012: Jan | Feb | Mar | Apr | May | Jun | Jul | Aug | Sep | Oct | Nov | Dec 
2011: Jan | Feb | Mar | Apr | May | Jun | Jul | Aug | Sep | Oct | Nov | Dec 
2010: Jan | Feb | Mar | Apr | May | Jun | Jul | Aug | Sep | Oct | Nov | Dec 
2009: Jan | Feb | Mar | Apr | May | Jun | Jul | Aug | Sep | Oct | Nov | Dec 
2008: Jan | Feb | Mar | Apr | May | Jun | Jul | Aug | Sep | Oct | Nov | Dec 
2007: Jan | Feb | Mar | Apr | May | Jun | Jul | Aug | Sep | Oct | Nov | Dec 

Report for 2021 07
MONTHLY CLIMATOLOGICAL SUMMARY for júl 2021 CITY: Blahova ELEV: -117 m LAT: 48° 5' 17" North LONG: 17° 32' 38" East TEMPERATURE (°C), BAROMETER (hPa), RAIN (mm), WIND SPEED (m/s) MEAN TEMPERATURE WIND DOM trans Ground DAY TEMP HIGH TIME LOW TIME HUM Baro Rain SPEED HIGH TIME DIR pirat min.temp time ------------------------------------------------------------------------------------------------------------------------------ 1 20.7 25.4 13:55 13.8 03:55 59 1013.7 0.6 2.8 10.1 14:11 W 0.0 11.9 04:21 2 18.9 23.6 13:17 15.0 23:45 67 1014.9 0.1 2.6 10.1 13:37 W 0.0 13.1 23:48 3 21.0 26.7 14:13 15.0 00:00 62 1014.2 0.0 1.5 7.0 12:53 W 0.0 13.3 00:00 4 22.4 28.3 11:31 13.0 04:33 58 1010.8 0.0 1.0 5.4 14:28 N-NW 0.0 11.6 04:02 5 22.7 29.2 13:35 14.9 02:43 60 1012.4 0.0 0.9 6.3 08:21 W 0.0 13.8 01:02 6 25.8 32.4 14:13 14.5 03:55 56 1013.3 0.0 1.5 7.8 13:08 SE 0.0 13.6 03:36 7 27.4 34.1 13:13 18.7 04:29 59 1017.0 0.0 1.2 5.8 18:13 N-NW 0.0 16.8 03:38 8 29.7 36.3 14:21 18.9 04:29 53 1018.2 0.0 1.5 7.3 16:08 SE 0.0 17.9 04:14 9 23.9 28.9 14:13 19.9 23:27 59 1018.5 0.0 1.5 8.9 12:38 W 0.0 18.0 23:14 10 23.3 29.7 14:13 15.0 04:41 55 1018.2 0.0 1.7 7.1 10:08 N-NW 0.0 13.4 04:24 11 19.5 21.7 18:11 17.1 01:39 73 1015.5 10.9 0.9 4.6 23:25 N-NW 0.0 15.3 01:06 12 22.5 27.1 14:03 17.5 02:23 72 1012.8 21.5 1.1 5.1 14:38 E 0.0 17.7 01:18 13 27.1 33.1 15:49 19.3 04:07 62 1009.5 0.0 2.3 9.6 14:58 SE 0.0 18.8 00:16 14 24.6 28.1 14:15 19.4 23:57 70 1010.9 0.5 1.5 7.0 05:38 N-NW 0.0 17.9 23:56 15 22.3 28.1 14:27 15.9 04:33 65 1013.0 0.0 0.5 4.3 16:48 W 0.0 14.2 04:06 16 25.9 32.2 13:11 15.5 04:27 60 1013.8 0.0 1.7 7.6 18:18 N-NW 0.0 14.5 04:10 17 23.0 29.7 14:07 19.8 05:19 71 1013.2 31.0 1.1 8.7 14:58 N-NW 0.0 19.4 04:18 18 22.1 31.4 13:30 19.3 04:31 72 1012.3 23.2 3.7 12.5 14:28 W 0.0 18.6 16:38 19 23.9 29.3 13:40 19.3 23:54 62 1013.6 0.0 4.1 11.0 07:58 N-NW 0.0 17.4 23:58 20 20.6 25.7 14:12 16.6 23:47 62 1016.2 0.0 2.2 9.2 15:49 W-NW 0.0 15.3 23:34 21 20.9 27.1 13:36 13.6 04:14 57 1019.6 0.0 1.6 9.1 09:38 W-NW 0.0 12.7 03:58 22 21.4 27.8 14:30 13.3 04:40 58 1018.2 0.0 1.6 5.4 09:38 N-NW 0.0 12.3 04:20 23 21.3 28.9 14:02 13.1 03:42 62 1015.3 0.0 0.7 4.1 12:38 N-NW 0.0 12.0 03:54 24 23.6 29.9 14:20 13.1 04:08 60 1012.8 0.0 1.4 7.5 15:18 E-SE 0.0 12.3 03:54 25 25.1 29.5 15:46 18.8 05:00 68 1011.4 2.3 1.5 8.4 22:28 E 0.0 18.2 00:42 26 27.3 31.2 14:02 17.3 05:02 59 1012.9 0.0 3.2 9.3 21:38 S 0.0 16.6 04:22 27 25.0 30.2 11:26 19.0 05:02 64 1015.8 0.0 1.8 6.0 00:18 SE 0.0 17.8 04:24 28 24.3 32.0 12:32 19.2 04:52 69 1013.1 0.0 1.6 4.3 11:58 SE 0.0 17.6 04:36 ------------------------------------------------------------------------------------------------------------------------------ Avg: 23.4 36.3 8 13.0 4 62 1014.3 90.0 1.7 12.5 18 N-NW 0.0 Wind Run 0.0 km Calm Values 0 Calm in % 0.0 % Sun 319:19 h Distribution WD Values 38902 Distribution WD N-NO 3.624 % Distribution WD NO 1.193 % Distribution WD NO-O 3.380 % Distribution WD O 6.231 % Distribution WD O-SO 6.010 % Distribution WD SO 6.388 % Distribution WD SO-S 3.041 % Distribution WD S 4.180 % Distribution WD S-SW 3.915 % Distribution WD SW 4.298 % Distribution WD SW-W 6.593 % Distribution WD W 14.069 % Distribution WD W-NW 10.891 % Distribution WD NW 4.043 % Distribution WD NW-N 15.560 % Distribution WD N 6.583 % Rain days >0.0 mm Month 8 Rain days >2.0 mm Month 5 Rain days >20.0 mm Month 3 Ice days max < 0°C 0 Cold days min < 0°C 0 Cool days max < 10°C 0 Summer days max >=25°C 26 Hot days max >=30°C 9 Last year same Month: Ice days max < 0°C 0 Last year same Month: Cold days min < 0°C 0 Last year same Month: Cool days max < 10°C 0 Last year same Month: Summer days max >=25°C 24 Last year same Month: Hot days max >=30°C 11 © 1999-2021 Werner Krenn - Weatherstation Operating- and Data Acquisition Software - V2.99.8.9


  ©UMa Astronomy

Creative Commons License
Meteo by UMa Astronomy is licensed under a Creative Commons Attribution-NonCommercial-NoDerivs 3.0 Unported License.